4 - -1008a?
12343
In base 4, what is -3102 + 13311333?
13302231
In base 6, what is -334 - -5343132?
5342354
In base 16, what is da3452 + 2?
da3454
In base 12, what is 61b0 - 259?
5b53
In base 9, what is 83 + 5760?
5853
In base 8, what is -10556 + -3016?
-13574
In base 7, what is -22321226 + 3?
-22321223
In base 9, what is 18523542 - 7?
18523534
In base 5, what is 1004200332 - 13402?
1004131430
In base 4, what is -100320310 + 100332?
-100213312
In base 9, what is -4 - -3567431?
3567426
In base 10, what is -5 + 35355669?
35355664
In base 4, what is 3 - -2103113330?
2103113333
In base 6, what is 4 + -210230152?
-210230144
In base 2, what is -1000111010001010110011 - -10?
-1000111010001010110001
In base 3, what is 210012120 - 112120200?
20121220
In base 9, what is -268582 + -3344?
-273036
In base 6, what is 1 + 100300222?
100300223
In base 2, what is 100000011010 - 100011000010000011?
-100010100001101001
In base 10, what is 242513 + -108?
242405
In base 3, what is -1021211120 + 2220?
-1021201200
In base 2, what is 10000000 + -110101001111010101?
-110101001101010101
In base 14, what is 2 - -201c66?
201c68
In base 16, what is -1a0963 + b?
-1a0958
In base 11, what is 39646 + 119?
39764
In base 2, what is -1100011001000110110 - 101101101001?
-1100011110110011111
In base 9, what is 53321 - 0?
53321
In base 3, what is 111020021 + -1101?
111011220
In base 7, what is -344123 + 331?
-343462
In base 4, what is -20 + 1211120223310?
1211120223230
In base 15, what is -6487a280 - -4?
-6487a27b
In base 10, what is -795968 - -330?
-795638
In base 16, what is 5de - 13d9b?
-137bd
In base 12, what is -16a + 7163b?
71491
In base 11, what is 13512 - 11310?
2202
In base 11, what is -a9 - 11374a?
-113848
In base 16, what is 9ac6 + -21?
9aa5
In base 13, what is -3 - -1183983?
1183980
In base 9, what is -283 - -187421?
187127
In base 13, what is -37 + -1a05a78?
-1a05ab2
In base 8, what is -41 + -1021353?
-1021414
In base 4, what is 10 - -11121002322?
11121002332
In base 11, what is -9409 - -781?
-8738
In base 9, what is 2 - 422038278?
-422038276
In base 4, what is 203212013 + 3220?
203221233
In base 14, what is -782534 + d4?
-782440
In base 15, what is -22398 - -2a7?
-220e1
In base 13, what is -19 + 279a3c2?
279a3a6
In base 6, what is 3 + -3044504004?
-3044504001
In base 12, what is 1118b242 + 4?
1118b246
In base 13, what is 47 - -840367?
8403b1
In base 14, what is 26 - -85504?
8552a
In base 10, what is -2 + 791276?
791274
In base 3, what is 2022 + -102121110211?
-102121101112
In base 12, what is -457 - 53927?
-54182
In base 11, what is -5a3367804 - -2?
-5a3367802
In base 6, what is -42241253253 + 4?
-42241253245
In base 10, what is -1 + -50952268?
-50952269
In base 3, what is -1002210100200021010 - -1?
-1002210100200021002
In base 11, what is 170a + 7027?
8736
In base 5, what is 12 + -40033134402?
-40033134340
In base 12, what is -147b5 + -2131?
-16926
In base 8, what is -707520251 - -4?
-707520245
In base 10, what is 2558 + 33052?
35610
In base 8, what is 17 + -2770557?
-2770540
In base 14, what is -2 + 429d?
429b
In base 8, what is -124 - -66065?
65741
In base 7, what is -53653 - -12636?
-41014
In base 13, what is a8 + -1699?
-15c1
In base 11, what is -65a779a3 - -2?
-65a779a1
In base 14, what is 1 + -164014d?
-164014c
In base 6, what is 10501 + -11110021?
-11055120
In base 2, what is -101111011000101 + 10111110001010?
-10111100111011
In base 3, what is -2220002221 - 101000101?
-10021010022
In base 7, what is 2 + 55326042?
55326044
In base 8, what is -4 - -100601414?
100601410
In base 8, what is 50 + 4615653?
4615723
In base 14, what is 50 - 18a165?
-18a115
In base 6, what is -35 + 20330232?
20330153
In base 15, what is 12 - -159d83?
159d95
In base 3, what is -111121 + 20201022120?
20200210222
In base 14, what is 227c3c + -64?
227bb8
In base 2, what is 1000011010 + -101000010110000?
-100111010010110
In base 14, what is -17c268a4 - 3?
-17c268a7
In base 2, what is -100101110000111101011110 - -1?
-100101110000111101011101
In base 14, what is -12d733b1 + -3?
-12d733b4
In base 13, what is -159b47c - b?
-159b48a
In base 16, what is -1 - 1a76afc?
-1a76afd
In base 6, what is 5 + -1531003?
-1530554
In base 3, what is 1121211 - 1111010022?
-1102111111
In base 13, what is 18704b + -a?
187041
In base 3, what is -2200 - -20001122010020?
20001122000120
In base 14, what is 4 + 10b01823?
10b01827
In base 4, what is 21101111232 - -3?
21101111301
In base 14, what is 7 + -d046795?
-d04678c
In base 13, what is 4 + -3a54b5?
-3a54b1
In base 2, what is 11001110100 - -11010110001011?
11101111111111
In base 15, what is 2dc25 + 70b?
2e431
In base 4, what is 3330323322 + 21?
3330330003
In base 6, what is 12504341 + 555?
12505340
In base 6, what is -110232 + -24220?
-134452
In base 7, what is -341 + 243112?
242441
In base 8, what is -2 + 662251141?
662251137
In base 3, what is -21001012012 - -12211?
-21000222101
In base 15, what is -50cd13 + 1d?
-50cce5
In base 9, what is -3 - 3683007?
-3683011
In base 5, what is -214 + 131411442?
131411223
In base 7, what is -251064 + 335?
-250426
In base 4, what is -32112 + -12112202?
-12210320
In base 11, what is -2 + -135092a1?
-135092a3
In base 10, what is 1 + -203371?
-203370
In base 13, what is 2 - 10741478?
-10741476
In base 2, what is -11110111001 + -10010010001111?
-10110001001000
In base 6, what is -3 + 11030525042?
11030525035
In base 2, what is -10011101011000111100000 - 11110?
-10011101011000111111110
In base 6, what is -3035222154 + -4?
-3035222202
In base 4, what is -22022323332 - -101?
-22022323231
In base 12, what is -93 - -56982?
568ab
In base 7, what is -42 + -6524553?
-6524625
In base 6, what is -123102421414 + -2?
-123102421420
In base 8, what is 523 + -66622?
-66077
In base 9, what is 553644 - 25?
553618
In base 9, what is 37313 - -37621?
76034
In base 8, what is 11 - -2072133?
2072144
In base 15, what is -21a6c + -d91?
-2290d
In base 11, what is -18 - 758251?
-758269
In base 14, what is -11aac - -67?
-11a45
In base 8, what is -741562 + -4?
-741566
In base 6, what is -30 + 534323422?
534323352
In base 4, what is -2133 + -323223230?
-323232023
In base 3, what is -1001211111212 - -100?
-1001211111112
In base 16, what is 4 + f69d7ed?
f69d7f1
In base 6, what is 42522 - 2044015?
-2001053
In base 15, what is d2d11b3 + -1?
d2d11b2
In base 2, what is 10011101100110000 + -110001?
10011101011111111
In base 7, what is 654 + 32662?
33646
In base 12, what is -258 - 15a554?
-15a7b0
In base 4, what is 300023 + -11333330?
-11033301
In base 11, what is -26 - 32507?
-32532
In base 11, what is 3a4 - -14819?
15112
In base 13, what is 295c71 - 324?
29594a
In base 16, what is 34bd55 - 1?
34bd54
In base 5, what is -134200303 - -22?
-134200231
In base 5, what is 1234 - -411414?
413203
In base 16, what is -16d3565e + 4?
-16d3565a
In base 4, what is -11112221 + -1120310?
-12233131
In base 7, what is 1536 - -2423443?
2425312
In base 16, what is 158 - 18dc6a?
-18db12
In base 5, what is 1023300400 - -1023?
1023301423
In base 3, what is -1000102012 + 102001102?
-121100210
In base 12, what is 3ba9b62 + 0?
3ba9b62
In base 11, what is -570065 + 9?
-570057
In base 3, what is 112021022100221 - 0?
112021022100221
In base 8, what is 2 - 1376121102?
-1376121100
In base 7, what is -5 + -16440144?
-16440152
In base 11, what is 1085 - 634?
551
In base 7, what is 44 + 215034?
215111
In base 3, what is -20 + 10221201211201?
10221201211111
In base 12, what is -6173586 + 3?
-6173583
In base 14, what is 1b9596a - 0?
1b9596a
In base 13, what is 22c3 - 28b5?
-5c2
In base 5, what is -220041 - 3332243?
-4102334
In base 11, what is -47100990 + 0?
-47100990
In base 6, what is -30203 + -10223?
-40430
In base 14, what is 4341 - -995a?
dc9b
In base 13, what is -3 + -8c8072?
-8c8075
In base 3, what is -2201011000222 - 1100?
-2201011002022
In base 3, what is 120212 + 2122002022?
2122200011
In base 11, what is -7 - 90490?
-90497
In base 12, what is -1 - -13825020?
1382501b
In base 14, what is 5a7 - -9b8?
1181
In base 3, what is 1002120010112221100 + -12?
1002120010112221011
In base 5, what is 1 - 31031213234?
-31031213233
In base 6, what is -213 + -4545214?
-4545431
In base 8, what is -2 - 236423114?
-236423116
In base 8, what is 4 - -3115211?
3115215
In base 10, what is -5 + -18533937?
-1853